**2 - 1097*r + 10. What is m(2)?
200
Let o(f) = 3253*f**2 - 89*f - 3. Give o(-1).
3339
Let b(r) = -r**3 - 949*r**2 - 111893*r + 20270. Determine b(-811).
-5
Let p(r) = 747*r - 6179. What is p(7)?
-950
Let x(o) = 516*o + 2467. Calculate x(-3).
919
Let g(m) = 2*m**2 - 620*m + 17832. Calculate g(278).
40
Let p(k) = 151*k**2 + 19330*k + 249. Calculate p(-128).
-7
Let g(b) = -2*b**3 + 130*b**2 - 232*b + 6542. What is g(64)?
-114
Let d(a) = a**3 - 8*a**2 - 56*a + 80. What is d(14)?
472
Let o(i) = 90*i**2 + 19851*i - 8624. Give o(-221).
-5
Let w(n) = -94*n**3 - 4*n**2 + 1410*n - 4200. What is w(3)?
-2544
Let b(t) = 2*t**3 + 74*t**2 - 17*t + 2390. Determine b(-38).
148
Let w(h) = -2*h**3 + 649*h**2 - 9573*h - 1848. What is w(309)?
6
Let d(w) = 46*w**2 + 7768*w + 196. Give d(-169).
1210
Let w(t) = 243*t**2 + 194*t + 181. Calculate w(-1).
230
Let i(l) = 2*l**3 - 10*l**2 - 172*l - 38. Determine i(12).
-86
Let u(q) = 8*q**3 - 416*q**2 + 12*q + 504. What is u(52)?
1128
Let d(j) = -189*j**2 + 5872*j + 87. Calculate d(31).
490
Let v(k) = 7412*k - 281579. Determine v(38).
77
Let z(n) = -23903*n - 5067441. Give z(-212).
-5
Let z(q) = 113*q + 16384. What is z(-148)?
-340
Let m(z) = -z**3 - 204*z**2 + 5716*z - 2009. Give m(-229).
52
Let x(b) = -2893*b**2 + 78109*b + 43. Calculate x(27).
-11
Let m(f) = 73140*f + 584962. Calculate m(-8).
-158
Let z(u) = -49432*u - 593212. Give z(-12).
-28
Let b(p) = -11*p**2 - 350*p + 2879. Calculate b(7).
-110
Let a(q) = 2*q**3 + 533*q**2 + 768*q - 7155. Give a(-265).
0
Let q(i) = 21264*i - 7633783. Determine q(359).
-7
Let j(t) = 434*t - 20669. Determine j(52).
1899
Let q(z) = 2*z**3 + 52*z**2 + 336*z - 22. Give q(-10).
-182
Let u(l) = -2*l**3 + 8*l**2 + 176*l - 760. Determine u(6).
152
Let g(w) = -25*w**2 + 42*w + 3069. What is g(12)?
-27
Let f(j) = -j**3 - 30*j**2 + 3623*j + 232. Determine f(-77).
-76
Let n(y) = -2349*y - 7293. Calculate n(-3).
-246
Let c(w) = 1136947*w - 7958637. Determine c(7).
-8
Let s(g) = -142863*g + 142785. Determine s(1).
-78
Let b(c) = c**3 - 8*c**2 + 128*c + 1335. Give b(-9).
-1194
Let i(d) = -14*d**3 + 688*d**2 + 85*d - 8988. Calculate i(49).
-21
Let u(n) = -6842*n - 13845. What is u(-2)?
-161
Let b(y) = -8776*y + 8821. Give b(1).
45
Let a(q) = q**2 + 3897*q - 205087. Determine a(52).
261
Let x(n) = -n**3 - 53*n**2 - 64*n - 622. Calculate x(-52).
2
Let k(s) = -3*s**3 - 46*s**2 + 167*s + 2104. What is k(-15)?
-626
Let s(u) = 21*u**3 - 33*u**2 - 114*u - 33. Calculate s(-3).
-555
Let j(l) = -89*l**2 + 724*l + 21. Give j(8).
117
Let b(g) = -24*g**2 + 14248*g + 4756. What is b(594)?
4
Let g(m) = 18701*m - 130919. Give g(7).
-12
Let p(b) = 195*b**2 - 246*b + 53. Determine p(1).
2
Let o(t) = 3171*t - 196638. Calculate o(62).
-36
Let j(y) = -y**2 - 210*y - 6954. Give j(-169).
-25
Let m(z) = z**2 - 272*z + 17985. Determine m(141).
-486
Let h(q) = -5136*q - 10310. Determine h(-2).
-38
Let r(s) = -4*s**2 - 124*s - 730. Give r(-10).
110
Let s(z) = 62*z**2 - 128*z - 7. Determine s(2).
-15
Let j(m) = 2*m**2 - 742*m - 1852. What is j(0)?
-1852
Let h(m) = 24*m**2 - 359*m + 1827. Calculate h(7).
490
Let c(r) = -18*r**2 - 1289*r + 6893. Calculate c(5).
-2
Let t(j) = 9*j**3 - 42*j**2 + 542*j - 2788. What is t(5)?
-3
Let b(p) = -74*p**2 - 872*p - 2483. Determine b(-7).
-5
Let h(m) = -39655*m - 39708. Calculate h(-1).
-53
Let v(p) = -316*p**2 - 8491*p + 19. What is v(-27)?
-1088
Let c(h) = -31*h**2 + 136*h + 1127. What is c(14)?
-3045
Let d(j) = -2*j**2 - 121*j - 1234. Determine d(-39).
443
Let i(u) = -4*u**2 + 167*u - 283. Give i(50).
-1933
Let j(b) = 2*b**3 + 690*b**2 - 1384*b - 45. Determine j(-347).
-1433
Let y(i) = 105*i**2 + 1171*i + 165. What is y(-11)?
-11
Let y(n) = -42*n - 5894. Determine y(-141).
28
Let u(k) = -2*k**3 - 95*k**2 - 22*k - 3055. Give u(-48).
305
Let i(n) = 3*n**2 + 472*n - 380. Calculate i(-161).
1391
Let p(n) = 175121*n - 1926325. Give p(11).
6
Let q(w) = w**2 + 59*w - 3562. What is q(-97)?
124
Let l(n) = n**3 - 151*n**2 + 148*n + 246. Determine l(150).
-54
Let h(t) = -2*t**3 - 2*t**2 - 17*t - 1716. What is h(0)?
-1716
Let o(h) = 1464*h - 15060. Give o(8).
-3348
Let o(b) = 6*b**2 + 328*b + 2002. What is o(-7)?
0
Let v(p) = -p**2 + 4610*p + 322876. Calculate v(-69).
25
Let n(j) = 21793*j + 1743449. Calculate n(-80).
9
Let b(a) = -a**3 + 25*a**2 + 2*a + 126. What is b(25)?
176
Let n(p) = -15*p**2 - 9023*p + 13259. Determine n(-603).
-7
Let q(o) = -o**3 + 7*o**2 + 275*o - 1441. Determine q(5).
-16
Let w(c) = 64*c**2 + 3125*c + 68. Determine w(-49).
607
Let x(j) = -3137*j - 3284443. Calculate x(-1047).
-4
Let m(c) = -13*c**3 - 175*c**2 - 84*c - 71. Calculate m(-13).
7
Let m(f) = -4*f**2 + 231*f - 1574. Give m(7).
-153
Let z(w) = -w**2 - 70*w + 126212. Calculate z(-392).
-12
Let t(r) = -8*r**3 + 1409*r**2 - 122*r - 9548. Determine t(176).
-44
Let r(q) = -31*q**2 + 510*q + 11281. Determine r(29).
0
Let k(v) = v**2 - 800829*v - 9610091. Calculate k(-12).
1
Let k(n) = 5*n**3 + 473*n**2 - 116*n + 7003. What is k(-95)?
-27
Let n(g) = -3*g**2 + 143*g + 788. Determine n(51).
278
Let z(t) = -12*t**2 + 6790*t - 6793. Calculate z(1).
-15
Let i(c) = -c**3 + 71*c**2 + 8*c - 5104. Calculate i(70).
356
Let w(m) = 3*m**3 + 164*m**2 + 586*m + 35253. What is w(-55)?
-2
Let s(j) = 393*j + 2250. What is s(-6)?
-108
Let r(j) = -j**2 - 137*j + 3033. Give r(17).
415
Let w(v) = v**3 + 49*v**2 - 27112*v - 1419. Determine w(142).
1
Let s(t) = -t**3 - 112*t**2 + 154*t - 8423. Determine s(-114).
13
Let n(r) = -273*r + 9437. Give n(31).
974
Let z(n) = 2*n**3 - 145*n**2 + 63*n + 10595. Determine z(71).
-55
Let u(d) = -2*d**3 - 218*d**2 - 283*d + 15037. Give u(-107).
-478
Let a(m) = 541*m - 7431. Give a(16).
1225
Let s(k) = -2*k**2 - 1685*k + 18782. Calculate s(11).
5
Let m(f) = -8*f**3 + 751*f**2 + 91*f + 303. Give m(94).
21
Let g(r) = -r**3 + 53*r**2 + 782*r - 31604. What is g(57)?
-26
Let r(x) = 3*x**2 + 395*x + 8367. Calculate r(-27).
-111
Let q(t) = 9*t**3 - 3*t**2 + 27*t + 71. Give q(-3).
-280
Let c(y) = -2*y**2 - 217*y + 229749. What is c(289)?
-6
Let x(h) = -6*h**2 + 396*h + 7137. Calculate x(-17).
-1329
Let w(b) = 764*b - 484361. Calculate w(634).
15
Let a(o) = 7959*o + 2292199. What is a(-288)?
7
Let o(s) = 915288*s - 8237588. Calculate o(9).
4
Let z(l) = 31*l**3 - 4*l**2 - 155*l - 153. Give z(-1).
-33
Let v(q) = -q**3 - 34*q**2 + 290*q + 53. Calculate v(-41).
-70
Let i(r) = -87*r - 8391. Determine i(-89).
-648
Let v(n) = 489*n**2 - 2965*n + 11. Give v(6).
-175
Let a(c) = -781*c + 1157434. Calculate a(1482).
-8
Let c(b) = 177*b**2 + 2805*b + 4898. What is c(-2)?
-4
Let t(m) = -2*m**3 - 38*m**2 + 30322*m + 220. Calculate t(114).
-8
Let q(m) = -6*m**2 + 52352*m - 52350. Calculate q(1).
-4
Let i(a) = -564*a - 180140. Calculate i(-317).
-1352
Let i(t) = 2*t**3 - 60*t**2 - 90*t + 188. What is i(30)?
-2512
Let a(h) = h**3 - 188*h**2 + 3*h - 571. What is a(188)?
-7
Let v(w) = -56*w**2 - 796*w + 658. Give v(-15).
-2
Let m(f) = 13*f**2 - 2764*f + 9471. Determine m(209).
-352
Let b(l) = 279112*l - 23166297. Give b(83).
-1
Let z(g) = -41*g**2 + 8807*g + 1720. Give z(215).
0
Let f(t) = 20781*t - 332384. Calculate f(16).
112
Let j(k) = 3*k**2 - 107*k + 944. Calculate j(19).
-6
Let g(t) = -4038*t + 84799. What is g(21)?
1
Let s(b) = -1737*b + 85116. Determine s(49).
3
Let z(b) = -993*b + 112012. Determine z(113).
-197
Let h(a) = -a**2 - 156*a + 52950. Determine h(-321).
-15
Let y(l) = 73*l + 7681. Give y(-104).
89
Let x(g) = -10*g**3 + 206*g**2 - 291*g + 3442. Give x(20).
22
Let l(k) = k**3 - 475*k**2 - 63*k + 29857. Give l(475).
-68
Let m(b) = b**3 + 66*b**2 - 5240*b + 8024. What is m(-113)?
1
Let i(d) = 2*d**2 + 142*d + 922. Give i(-63).
-86
Let f(m) = m**3 + 32*m**2 + 428*m + 1717. Calculate f(-6).
85
Let x(p) = 9*p**2 - 35*p - 420. Give x(9).
-6
Let d(u) = 2*u**3 - 156*u**2 + 734*u - 163. Calculate d(73).
129
Let k(y) = 1661*y + 805595. Determine k(-485).
10
Let x(z) = 141*z + 6052. Calculate x(-41).
271
Let q(u) = -519736*u - 5717100. Calculate q(-11).
-4
Let y(a) = a**2 + 1332*a + 188524. Give y(-161).
-7
Let n(o) = -3*o**2 - 60167*o + 180509. Give n(3).
-19
Let v(g) = -24*g**3 + 441*g**2 - 443*g + 3. Give v(1).
-23
Let w(n) = -2*n**2 + 1107*n - 34332. Give w(33).
21
Let s(f) = f**2 + f - 1781. Determine s(39).
-221
Let j(